s divided by s(7)?
19
Calculate the remainder when 32 is divided by (-1 + 7/(-2))/(60/(-160)).
8
Let z be -1 + (8 - (3 - 1)). Suppose -z*h = -2*l + 3*l - 140, -5*h = -l - 130. What is the remainder when h is divided by 14?
13
Calculate the remainder when 39 is divided by (-4 - (0 + -3))*-14.
11
Let o(f) = 2*f**2 - 2*f + 11. What is the remainder when 114 is divided by o(3)?
22
Let k(r) = r**3 - 9*r**2 + 8*r - 4. Let y be k(8). Let u be (-138)/9 + y/6. Let i = 30 + u. Calculate the remainder when 41 is divided by i.
13
Suppose -l + 4*l - 96 = 0. What is the remainder when l is divided by ((-102)/24)/(2/(-8))?
15
Suppose 4*q - 11 - 9 = 0. What is the remainder when q is divided by 2?
1
Suppose -4 = -4*b + 4. What is the remainder when 2 is divided by b?
0
Let n(v) = -v**2 + 10*v + 2. Suppose 2*s - 6*s - 2*j - 38 = 0, 2*s = 3*j - 15. Let k be (-60)/s - 2/(-6). What is the remainder when 67 is divided by n(k)?
21
Let l(f) = -f**3 - 3*f**2 - 3*f - 5. Let s be l(-5). Suppose -3*i + 4*u = -32, i + 2*i = -3*u + s. What is the remainder when 31 is divided by i?
15
Let y be (5 - 1)*(-8)/2. Let j be -1 + y + 0 + -1. What is the remainder when 28 is divided by 4/j + (-460)/(-45)?
8
Let f(a) = a**2 - 11*a + 20. What is the remainder when f(14) is divided by 11?
7
Let i be 2/(1 + 2/(-4)). Let s(n) = -4 + 14 - 2*n**2 - 11*n + i*n**2. What is the remainder when s(7) is divided by 11?
9
Let l(g) = 9*g**3 + g**2 + 2*g - 3. Suppose -2*i + 3 = -1. Calculate the remainder when l(i) is divided by 20.
17
Let k be -1 - (-1 + 0)*3. Suppose -2*f = f + 9, 0 = -2*a + k*f + 6. Suppose a = -5*p + 10 + 5. What is the remainder when 4 is divided by p?
1
Suppose 3*w + 5 = 2, 2*m - 5*w - 11 = 0. Suppose -o = -m*o + 8. Suppose 0*a + a = o. Calculate the remainder when 6 is divided by a.
2
Let u(b) = b + 27. Calculate the remainder when 14 is divided by u(-18).
5
Suppose -2*z + 28 + 2 = 0. Calculate the remainder when z is divided by 7.
1
What is the remainder when (-150)/((-30)/6) - (-4 + 2) is divided by 7?
4
Let c be -3 + 1 - (1 + -64). Suppose 0 = -2*y + c + 87. Suppose 2*i + 0*i - y = -4*p, -77 = -4*p + i. Calculate the remainder when 36 is divided by p.
17
Let b = -8 + 11. Suppose b*a - 4*a = m + 5, 0 = a + 4*m + 2. Let d(y) = y**3 + 7*y**2 + 4*y - 8. Calculate the remainder when 6 is divided by d(a).
2
Let a = 25 + -20. What is the remainder when 9 is divided by a?
4
Let q = -11 + 10. Let i = q - -4. What is the remainder when 516/(-8)*(-2)/i is divided by 15?
13
Let f = 70 - 31. What is the remainder when f is divided by 10?
9
Suppose -2*r = -72 - 66. What is the remainder when r is divided by 36?
33
Suppose -6*h = -112 + 10. Suppose -h - 55 = -4*b. Calculate the remainder when 53 is divided by b.
17
Suppose 2*f - 11 - 7 = 0. Let m be ((-3)/(-2))/((-12)/(-24)). Suppose 0*v + 80 = m*v - 4*w, -2*v = w - 46. Calculate the remainder when v is divided by f.
6
Suppose 2*y = -y + 159. Calculate the remainder when y is divided by 11.
9
Let t be (-1)/5 - (-246)/30. Suppose 12*r = t*r + 80. What is the remainder when 78 is divided by r?
18
Suppose -3*g - 2 = -14. Suppose g*r - 146 = 162. Calculate the remainder when r is divided by 20.
17
Suppose 5*q - 8 = 7. Suppose 2*v = -2*o - 3*o + 13, 2*o = 4*v + 34. Calculate the remainder when ((-10)/q*v)/1 is divided by 11.
9
Let b(x) = -x**2 + 6*x - 1. Let t be b(4). Let y be -1 + (2 - 2) + t. What is the remainder when (4/y)/((-14)/(-483)) is divided by 12?
11
Let v(h) = 2*h + 63. What is the remainder when -1 - (0 + (-34)/1) is divided by v(-23)?
16
Let r = -111 - -209. Calculate the remainder when r is divided by 25.
23
What is the remainder when -14 + 11 + 5*12 + 2 is divided by 15?
14
Let u = -26 - -25. What is the remainder when 4 is divided by u - (3 + -3 + -2)?
0
Suppose 0 = 4*y + 2*a - 102, y - 36 = -0*a - 4*a. Let j = 99 - 53. Calculate the remainder when j is divided by y.
22
Let n(v) = 5*v**2 + v. Let o be n(-1). Suppose o*z = -z. Suppose 42 = -z*u + 3*u. Calculate the remainder when 41 is divided by u.
13
What is the remainder when 46 is divided by ((6*6)/(-3))/(-1)?
10
Suppose 0 = -4*k + 312 - 72. Suppose -5*m = 2*o + 9 + 16, -k = 5*m - 5*o. Let y = 11 + m. What is the remainder when 11 is divided by y?
3
Let u be 32 + 4 + -2 + 1. Calculate the remainder when 12 is divided by 161/u - 4/(-10).
2
Suppose 5*f + 0*m + 2*m - 479 = 0, 2*f - 196 = -3*m. Calculate the remainder when f is divided by 32.
31
Let j(v) = -v - 2. Let x be j(-3). Let f be 4 - ((-1 - x) + 2). What is the remainder when 4 is divided by 2/2 + f + -3?
0
Let q(i) = -i**3 + 8*i**2 - 8*i + 3. Calculate the remainder when q(6) is divided by 10.
7
Suppose -5*r - 420 = -2*u, r + 87 = 5*u - 4*u. What is the remainder when r/(-7) - (-10)/35 is divided by 6/(-21) - 51/(-7)?
5
Let z(n) = 12*n**2 - 3*n - 1. What is the remainder when z(-2) is divided by 14?
11
Let a = -43 - -116. Calculate the remainder when a is divided by 21.
10
Let l = -7 + 63. Let y = -13 + 19. What is the remainder when l is divided by (4/y)/((-2)/(-57))?
18
Suppose -9*d - 57 = -318. Calculate the remainder when d is divided by (-4)/10 + (-210)/(-25).
5
Let u(a) = 14*a**2 + 1. Let z(k) = 8*k**2 + 7*k + 10. Calculate the remainder when z(-2) is divided by u(-1).
13
Suppose -2 - 6 = -4*m. Let v = 82 + -44. Calculate the remainder when v is divided by (-54)/(-4) - m/4.
12
Suppose -2*y + 43 = 3*v - 22, 100 = 3*v - 5*y. Calculate the remainder when 148 is divided by v.
23
Let c = 25 + -15. What is the remainder when 22 is divided by (96/40)/(4/c)?
4
Suppose 101 = 2*o + 13. What is the remainder when o is divided by 23?
21
Let l(p) = -p**2 + 10*p - 2. Calculate the remainder when l(5) is divided by 12.
11
Suppose r - 42 = -2*r. Suppose 2*n - 123 = -n. What is the remainder when n is divided by r?
13
Let y(t) = -t**2 - 16*t - 2. What is the remainder when y(-7) is divided by 13?
9
Let i(t) = t**3 + 2*t**2 - 3*t + 1. Suppose -3*v - 4*n = 2*v - 113, 103 = 5*v - n. What is the remainder when v is divided by i(2)?
10
Suppose 4*s + 6*h = 2*h - 24, 3*s - 2*h + 8 = 0. Let f = 21 + -12. Calculate the remainder when 23 is divided by 102/f - s/6.
11
Let k be (-2)/(-6) - 59/(-3). Let p = -4 + k. Let w(f) = f**3 - 5*f**2 + 5*f + 6. Calculate the remainder when w(5) is divided by p.
15
Let p be (7/(-14))/((-1)/40). Let o be (-6)/(-9) - p/3. What is the remainder when 53 is divided by (-2)/3 - 112/o?
17
Let m = 37 - 13. Let s(d) = 2*d**3 - 9*d**2 + 15*d - 6. Calculate the remainder when s(5) is divided by m.
22
Let i(s) = -s**3 - s**2 - s + 6. Suppose 7*g - 8*g = 0. Calculate the remainder when i(g) is divided by 3.
0
Let c(t) = -t**2 - 10*t - 14. Let n(r) = r**2 + 9*r + 13. Let f(d) = 4*c(d) + 5*n(d). What is the remainder when f(-6) is divided by 8?
7
Let a(k) = -3*k - 5. Let b(u) = -1. Let t(n) = 3*a(n) - 12*b(n). Calculate the remainder when t(-4) is divided by 17.
16
Let v be (-6)/9 + 8/3. Suppose -v*o = 3 - 23. Calculate the remainder when o is divided by 4.
2
Let x be (8/(-1 - 3))/1. Let s = 13 - 1. Calculate the remainder when 210/s - x/(-4) is divided by 9.
8
Suppose 0 = 2*b + 3*b - 130. Suppose s = -3*s - 40. Let n(q) = -2*q - 11. Calculate the remainder when b is divided by n(s).
8
Suppose -5*a - 5 = 0, -2*u + u = -a - 30. Let t(c) = -c**2 - 4*c + 20. Calculate the remainder when u is divided by t(-5).
14
Let w = 3 - 1. What is the remainder when 6 is divided by w?
0
Let h(d) = d**3 - 9*d**2. Let g be h(9). Let b(c) = c + 3. What is the remainder when 8 is divided by b(g)?
2
Let r be 0 - (10 - (-6)/3). Let d = r - -22. Let q(o) = 2*o**2 + o - 2. What is the remainder when d is divided by q(-2)?
2
Suppose -4*a + 58 = -2*r, 5*r - 50 = -4*a - a. Suppose -2*h + a = -1. Calculate the remainder when 20 is divided by h.
6
Suppose -h + 0 = -2. Suppose 0 = -c - 2*u, -5*c = 5*u - 5 - 0. Suppose -c*n + 4 = -n. Calculate the remainder when n is divided by h.
0
Suppose 7*d = -3*d + 250. Calculate the remainder when d is divided by 15.
10
Suppose 5*h = 4*w + 125, -3*h = -0*w + 2*w - 97. Calculate the remainder when h is divided by 18 + 4 + -3 + -3.
13
Suppose 3 - 21 = -2*y. Calculate the remainder when 23 is divided by y.
5
Suppose -5*n + 3 = 4*h + 24, -5*n - 1 = -h. Let k(u) = -u**2 - 6*u - 3. Let z be k(h). Let y = 